Last updated on 2024-06-09 13:57:42 CEST.
Flavor | Version | Tinstall | Tcheck | Ttotal | Status | Flags |
---|---|---|---|---|---|---|
r-devel-linux-x86_64-debian-clang | 1.1.60 | 262.81 | 28.07 | 290.88 | OK | |
r-devel-linux-x86_64-debian-gcc | 1.1.60 | OK | ||||
r-devel-linux-x86_64-fedora-clang | 1.1.60 | 309.62 | ERROR | |||
r-devel-linux-x86_64-fedora-gcc | 1.1.60 | 117.25 | OK | |||
r-devel-windows-x86_64 | 1.1.60 | 131.00 | 38.00 | 169.00 | NOTE | |
r-patched-linux-x86_64 | 1.1.60 | 45.14 | 25.97 | 71.11 | OK | |
r-release-linux-x86_64 | 1.1.60 | 47.99 | 26.80 | 74.79 | OK | |
r-release-macos-arm64 | 1.1.60 | 90.00 | OK | |||
r-release-macos-x86_64 | 1.1.60 | 55.00 | OK | |||
r-release-windows-x86_64 | 1.1.60 | 126.00 | 37.00 | 163.00 | NOTE | |
r-oldrel-macos-arm64 | 1.1.60 | 92.00 | OK | |||
r-oldrel-macos-x86_64 | 1.1.60 | 89.00 | OK | |||
r-oldrel-windows-x86_64 | 1.1.60 | 150.00 | 35.00 | 185.00 | NOTE |
Version: 1.1.60
Check: whether package can be installed
Result: ERROR
Installation failed.
Flavor: r-devel-linux-x86_64-fedora-clang
Version: 1.1.60
Check: installed package size
Result: NOTE
installed size is 5.6Mb
sub-directories of 1Mb or more:
bin 5.5Mb
Flavors: r-devel-windows-x86_64, r-release-windows-x86_64, r-oldrel-windows-x86_64