Last updated on 2025-07-18 18:51:30 CEST.
Flavor | Version | Tinstall | Tcheck | Ttotal | Status | Flags |
---|---|---|---|---|---|---|
r-devel-linux-x86_64-debian-clang | 1.0.4 | 5.48 | 45.73 | 51.21 | NOTE | |
r-devel-linux-x86_64-debian-gcc | 1.0.4 | 3.98 | 34.32 | 38.30 | NOTE | |
r-devel-linux-x86_64-fedora-clang | 1.0.4 | 79.05 | OK | |||
r-devel-linux-x86_64-fedora-gcc | 1.0.4 | 87.27 | OK | |||
r-devel-windows-x86_64 | 1.0.4 | 6.00 | 71.00 | 77.00 | OK | |
r-patched-linux-x86_64 | 1.0.4 | 5.90 | 41.83 | 47.73 | OK | |
r-release-linux-x86_64 | 1.0.4 | 5.19 | 42.08 | 47.27 | OK | |
r-release-macos-arm64 | 1.0.4 | 33.00 | OK | |||
r-release-macos-x86_64 | 1.0.4 | 59.00 | OK | |||
r-release-windows-x86_64 | 1.0.4 | 8.00 | 70.00 | 78.00 | OK | |
r-oldrel-macos-arm64 | 1.0.4 | 34.00 | OK | |||
r-oldrel-macos-x86_64 | 1.0.4 | 52.00 | OK | |||
r-oldrel-windows-x86_64 | 1.0.4 | 10.00 | 80.00 | 90.00 | OK |
Version: 1.0.4
Check: CRAN incoming feasibility
Result: NOTE
Maintainer: ‘Jesse Piburn <piburnjo@ornl.gov>’
Package CITATION file contains call(s) to old-style personList() or
as.personList(). Please use c() on person objects instead.
Package CITATION file contains call(s) to old-style citEntry(). Please
use bibentry() instead.
Flavors: r-devel-linux-x86_64-debian-clang, r-devel-linux-x86_64-debian-gcc