Last updated on 2025-07-18 15:49:40 CEST.
Flavor | Version | Tinstall | Tcheck | Ttotal | Status | Flags |
---|---|---|---|---|---|---|
r-devel-linux-x86_64-debian-clang | 0.1.1 | 1.77 | 19.35 | 21.12 | OK | |
r-devel-linux-x86_64-debian-gcc | 0.1.1 | 1.43 | 16.59 | 18.02 | OK | |
r-devel-linux-x86_64-fedora-clang | 0.1.1 | 32.85 | OK | |||
r-devel-linux-x86_64-fedora-gcc | 0.1.1 | 30.84 | OK | |||
r-devel-windows-x86_64 | 0.1.1 | 3.00 | 39.00 | 42.00 | OK | |
r-patched-linux-x86_64 | 0.1.1 | 1.91 | 17.35 | 19.26 | OK | |
r-release-linux-x86_64 | 0.1.1 | 1.81 | 17.17 | 18.98 | OK | |
r-release-macos-arm64 | 0.1.1 | 17.00 | OK | |||
r-release-macos-x86_64 | 0.1.1 | 24.00 | OK | |||
r-release-windows-x86_64 | 0.1.1 | 3.00 | 40.00 | 43.00 | OK | |
r-oldrel-macos-arm64 | 0.1.1 | 14.00 | NOTE | |||
r-oldrel-macos-x86_64 | 0.1.1 | 20.00 | NOTE | |||
r-oldrel-windows-x86_64 | 0.1.1 | 4.00 | 45.00 | 49.00 | NOTE |
Version: 0.1.1
Check: LazyData
Result: NOTE
'LazyData' is specified without a 'data' directory
Flavors: r-oldrel-macos-arm64, r-oldrel-macos-x86_64, r-oldrel-windows-x86_64