Last updated on 2025-07-17 09:51:08 CEST.
Flavor | Version | Tinstall | Tcheck | Ttotal | Status | Flags |
---|---|---|---|---|---|---|
r-devel-linux-x86_64-debian-clang | 0.3-1 | 5.56 | 45.53 | 51.09 | NOTE | |
r-devel-linux-x86_64-debian-gcc | 0.3-1 | 3.46 | 35.75 | 39.21 | NOTE | |
r-devel-linux-x86_64-fedora-clang | 0.3-1 | 90.63 | OK | |||
r-devel-linux-x86_64-fedora-gcc | 0.3-1 | 78.85 | OK | |||
r-devel-windows-x86_64 | 0.3-1 | 8.00 | 65.00 | 73.00 | OK | |
r-patched-linux-x86_64 | 0.3-1 | 5.15 | 43.51 | 48.66 | OK | |
r-release-linux-x86_64 | 0.3-1 | 4.45 | 43.85 | 48.30 | OK | |
r-release-macos-arm64 | 0.3-1 | 27.00 | OK | |||
r-release-macos-x86_64 | 0.3-1 | 45.00 | OK | |||
r-release-windows-x86_64 | 0.3-1 | 6.00 | 64.00 | 70.00 | OK | |
r-oldrel-macos-arm64 | 0.3-1 | 26.00 | NOTE | |||
r-oldrel-macos-x86_64 | 0.3-1 | 38.00 | NOTE | |||
r-oldrel-windows-x86_64 | 0.3-1 | 8.00 | 75.00 | 83.00 | NOTE |
Version: 0.3-1
Check: CRAN incoming feasibility
Result: NOTE
Maintainer: ‘Craig Wang <craig.wang@math.uzh.ch>’
Package CITATION file contains call(s) to old-style personList() or
as.personList(). Please use c() on person objects instead.
Package CITATION file contains call(s) to old-style citEntry(). Please
use bibentry() instead.
Flavors: r-devel-linux-x86_64-debian-clang, r-devel-linux-x86_64-debian-gcc
Version: 0.3-1
Check: LazyData
Result: NOTE
'LazyData' is specified without a 'data' directory
Flavors: r-oldrel-macos-arm64, r-oldrel-macos-x86_64, r-oldrel-windows-x86_64