Last updated on 2025-07-16 03:50:44 CEST.
Flavor | Version | Tinstall | Tcheck | Ttotal | Status | Flags |
---|---|---|---|---|---|---|
r-devel-linux-x86_64-debian-clang | 3.4-3 | 46.31 | 356.97 | 403.28 | OK | |
r-devel-linux-x86_64-debian-gcc | 3.4-3 | 34.92 | 236.25 | 271.17 | OK | |
r-devel-linux-x86_64-fedora-clang | 3.4-3 | 632.87 | OK | |||
r-devel-linux-x86_64-fedora-gcc | 3.4-3 | 664.34 | OK | |||
r-devel-windows-x86_64 | 3.4-3 | 64.00 | 429.00 | 493.00 | OK | |
r-patched-linux-x86_64 | 3.4-3 | 69.19 | 339.50 | 408.69 | OK | |
r-release-linux-x86_64 | 3.4-3 | 47.54 | 338.07 | 385.61 | OK | |
r-release-macos-arm64 | 3.4-3 | 159.00 | OK | |||
r-release-macos-x86_64 | 3.4-3 | 349.00 | OK | |||
r-release-windows-x86_64 | 3.4-3 | 64.00 | 430.00 | 494.00 | OK | |
r-oldrel-macos-arm64 | 3.4-3 | 169.00 | OK | |||
r-oldrel-macos-x86_64 | 3.4-3 | 340.00 | NOTE | |||
r-oldrel-windows-x86_64 | 3.4-3 | 86.00 | 547.00 | 633.00 | OK |
Version: 3.4-3
Check: installed package size
Result: NOTE
installed size is 5.0Mb
sub-directories of 1Mb or more:
R 2.0Mb
help 2.2Mb
Flavor: r-oldrel-macos-x86_64