CRAN Package Check Results for Package sindyr

Last updated on 2025-07-17 09:51:04 CEST.

Flavor Version Tinstall Tcheck Ttotal Status Flags
r-devel-linux-x86_64-debian-clang 0.2.4 3.14 30.74 33.88 NOTE
r-devel-linux-x86_64-debian-gcc 0.2.4 2.53 23.95 26.48 NOTE
r-devel-linux-x86_64-fedora-clang 0.2.4 51.09 OK
r-devel-linux-x86_64-fedora-gcc 0.2.4 49.12 OK
r-devel-windows-x86_64 0.2.4 5.00 51.00 56.00 OK
r-patched-linux-x86_64 0.2.4 3.00 28.78 31.78 OK
r-release-linux-x86_64 0.2.4 2.61 29.06 31.67 OK
r-release-macos-arm64 0.2.4 22.00 OK
r-release-macos-x86_64 0.2.4 36.00 OK
r-release-windows-x86_64 0.2.4 4.00 50.00 54.00 OK
r-oldrel-macos-arm64 0.2.4 21.00 OK
r-oldrel-macos-x86_64 0.2.4 28.00 OK
r-oldrel-windows-x86_64 0.2.4 5.00 61.00 66.00 OK

Check Details

Version: 0.2.4
Check: CRAN incoming feasibility
Result: NOTE Maintainer: ‘Rick Dale <racdale@gmail.com>’ No Authors@R field in DESCRIPTION. Please add one, modifying Authors@R: c(person(given = "Rick", family = "Dale", role = c("aut", "cre"), email = "racdale@gmail.com"), person(given = c("Harish", "S."), family = "Bhat", role = "aut")) as necessary. Flavors: r-devel-linux-x86_64-debian-clang, r-devel-linux-x86_64-debian-gcc