Last updated on 2024-06-09 13:57:37 CEST.
Flavor | Version | Tinstall | Tcheck | Ttotal | Status | Flags |
---|---|---|---|---|---|---|
r-devel-linux-x86_64-debian-clang | 1.0.6 | 2.19 | 23.46 | 25.65 | OK | |
r-devel-linux-x86_64-debian-gcc | 1.0.6 | OK | ||||
r-devel-linux-x86_64-fedora-clang | 1.0.6 | 32.32 | NOTE | |||
r-devel-linux-x86_64-fedora-gcc | 1.0.6 | 30.56 | OK | |||
r-devel-windows-x86_64 | 1.0.6 | 2.00 | 40.00 | 42.00 | OK | |
r-patched-linux-x86_64 | 1.0.6 | 1.90 | 23.10 | 25.00 | OK | |
r-release-linux-x86_64 | 1.0.6 | 2.09 | 23.14 | 25.23 | OK | |
r-release-macos-arm64 | 1.0.6 | 14.00 | OK | |||
r-release-macos-x86_64 | 1.0.6 | 23.00 | OK | |||
r-release-windows-x86_64 | 1.0.6 | 3.00 | 42.00 | 45.00 | OK | |
r-oldrel-macos-arm64 | 1.0.6 | 20.00 | OK | |||
r-oldrel-macos-x86_64 | 1.0.6 | 28.00 | OK | |||
r-oldrel-windows-x86_64 | 1.0.6 | 3.00 | 42.00 | 45.00 | OK |
Version: 1.0.6
Check: Rd cross-references
Result: NOTE
Undeclared package ‘robustbase’ in Rd xrefs
Flavor: r-devel-linux-x86_64-fedora-clang