Last updated on 2024-06-09 13:57:37 CEST.
Flavor | Version | Tinstall | Tcheck | Ttotal | Status | Flags |
---|---|---|---|---|---|---|
r-devel-linux-x86_64-debian-clang | 1.3 | 6.13 | 69.07 | 75.20 | OK | |
r-devel-linux-x86_64-debian-gcc | 1.3 | OK | ||||
r-devel-linux-x86_64-fedora-clang | 1.3 | 96.87 | NOTE | |||
r-devel-linux-x86_64-fedora-gcc | 1.3 | 103.20 | OK | |||
r-devel-windows-x86_64 | 1.3 | 9.00 | 221.00 | 230.00 | NOTE | |
r-patched-linux-x86_64 | 1.3 | 11.90 | 67.62 | 79.52 | OK | |
r-release-linux-x86_64 | 1.3 | 5.39 | 65.40 | 70.79 | OK | |
r-release-macos-arm64 | 1.3 | 40.00 | OK | |||
r-release-macos-x86_64 | 1.3 | 70.00 | OK | |||
r-release-windows-x86_64 | 1.3 | 8.00 | 78.00 | 86.00 | OK | |
r-oldrel-macos-arm64 | 1.3 | 50.00 | OK | |||
r-oldrel-macos-x86_64 | 1.3 | 69.00 | OK | |||
r-oldrel-windows-x86_64 | 1.3 | 10.00 | 88.00 | 98.00 | OK |
Version: 1.3
Check: Rd cross-references
Result: NOTE
Undeclared package ‘remotes’ in Rd xrefs
Flavor: r-devel-linux-x86_64-fedora-clang
Version: 1.3
Check: dependencies in R code
Result: NOTE
renv was unable to query available packages from the following repositories:
- # https://cloud.r-project.org/src/contrib ------------------------------------
error downloading 'https://cloud.r-project.org/src/contrib/PACKAGES.rds' [error code 6]
error downloading 'https://cloud.r-project.org/src/contrib/PACKAGES.gz' [error code 6]
error downloading 'https://cloud.r-project.org/src/contrib/PACKAGES' [error code 6]
Flavor: r-devel-windows-x86_64