Last updated on 2024-08-17 15:49:51 CEST.
Flavor | Version | Tinstall | Tcheck | Ttotal | Status | Flags |
---|---|---|---|---|---|---|
r-devel-linux-x86_64-debian-clang | 1.0-7 | 3.26 | 28.33 | 31.59 | OK | |
r-devel-linux-x86_64-debian-gcc | 1.0-7 | 2.53 | 20.93 | 23.46 | OK | |
r-devel-linux-x86_64-fedora-clang | 1.0-7 | 50.44 | NOTE | |||
r-devel-linux-x86_64-fedora-gcc | 1.0-7 | 47.59 | OK | |||
r-devel-windows-x86_64 | 1.0-7 | 4.00 | 48.00 | 52.00 | OK | |
r-patched-linux-x86_64 | 1.0-7 | 3.76 | 26.40 | 30.16 | OK | |
r-release-linux-x86_64 | 1.0-7 | 3.19 | 26.59 | 29.78 | OK | |
r-release-macos-arm64 | 1.0-7 | 18.00 | OK | |||
r-release-macos-x86_64 | 1.0-7 | 27.00 | OK | |||
r-release-windows-x86_64 | 1.0-7 | 5.00 | 47.00 | 52.00 | OK | |
r-oldrel-macos-arm64 | 1.0-7 | 18.00 | OK | |||
r-oldrel-macos-x86_64 | 1.0-7 | 32.00 | OK | |||
r-oldrel-windows-x86_64 | 1.0-7 | 4.00 | 49.00 | 53.00 | OK |
Version: 1.0-7
Check: Rd cross-references
Result: NOTE
Undeclared package ‘vowels’ in Rd xrefs
Flavor: r-devel-linux-x86_64-fedora-clang