CRAN Package Check Results for Package noncompliance

Last updated on 2025-07-20 04:51:08 CEST.

Flavor Version Tinstall Tcheck Ttotal Status Flags
r-devel-linux-x86_64-debian-clang 0.2.2 15.38 44.40 59.78 OK
r-devel-linux-x86_64-debian-gcc 0.2.2 11.34 31.80 43.14 OK
r-devel-linux-x86_64-fedora-clang 0.2.2 102.02 NOTE
r-devel-linux-x86_64-fedora-gcc 0.2.2 91.80 NOTE
r-devel-windows-x86_64 0.2.2 17.00 81.00 98.00 OK
r-patched-linux-x86_64 0.2.2 15.63 41.17 56.80 OK
r-release-linux-x86_64 0.2.2 15.00 41.36 56.36 OK
r-release-macos-arm64 0.2.2 35.00 OK
r-release-macos-x86_64 0.2.2 89.00 OK
r-release-windows-x86_64 0.2.2 16.00 82.00 98.00 OK
r-oldrel-macos-arm64 0.2.2 29.00 NOTE
r-oldrel-macos-x86_64 0.2.2 53.00 NOTE
r-oldrel-windows-x86_64 0.2.2 15.00 97.00 112.00 NOTE

Check Details

Version: 0.2.2
Check: compiled code
Result: NOTE File ‘noncompliance/libs/noncompliance.so’: Found no calls to: ‘R_registerRoutines’, ‘R_useDynamicSymbols’ It is good practice to register native routines and to disable symbol search. See ‘Writing portable packages’ in the ‘Writing R Extensions’ manual. Flavors: r-devel-linux-x86_64-fedora-clang, r-devel-linux-x86_64-fedora-gcc

Version: 0.2.2
Check: LazyData
Result: NOTE 'LazyData' is specified without a 'data' directory Flavors: r-oldrel-macos-arm64, r-oldrel-macos-x86_64, r-oldrel-windows-x86_64