Last updated on 2024-06-09 13:57:34 CEST.
Flavor | Version | Tinstall | Tcheck | Ttotal | Status | Flags |
---|---|---|---|---|---|---|
r-devel-linux-x86_64-debian-clang | 1.2.0 | 1.64 | 40.21 | 41.85 | OK | |
r-devel-linux-x86_64-debian-gcc | 1.2.0 | OK | ||||
r-devel-linux-x86_64-fedora-clang | 1.2.0 | 52.86 | NOTE | |||
r-devel-linux-x86_64-fedora-gcc | 1.2.0 | 49.12 | NOTE | |||
r-devel-windows-x86_64 | 1.2.0 | 4.00 | 56.00 | 60.00 | OK | |
r-patched-linux-x86_64 | 1.2.0 | 1.72 | 37.95 | 39.67 | OK | |
r-release-linux-x86_64 | 1.2.0 | 1.64 | 37.90 | 39.54 | OK | |
r-release-macos-arm64 | 1.2.0 | 32.00 | OK | |||
r-release-macos-x86_64 | 1.2.0 | 61.00 | OK | |||
r-release-windows-x86_64 | 1.2.0 | 4.00 | 57.00 | 61.00 | OK | |
r-oldrel-macos-arm64 | 1.2.0 | 74.00 | OK | |||
r-oldrel-macos-x86_64 | 1.2.0 | 49.00 | OK | |||
r-oldrel-windows-x86_64 | 1.2.0 | 4.00 | 63.00 | 67.00 | OK |
Version: 1.2.0
Check: dependencies in R code
Result: NOTE
Namespaces in Imports field not imported from:
‘devtools’ ‘jsonlite’
All declared Imports should be used.
Flavors: r-devel-linux-x86_64-fedora-clang, r-devel-linux-x86_64-fedora-gcc