Last updated on 2025-07-18 15:49:28 CEST.
Flavor | Version | Tinstall | Tcheck | Ttotal | Status | Flags |
---|---|---|---|---|---|---|
r-devel-linux-x86_64-debian-clang | 0.5.1 | 9.89 | 27.18 | 37.07 | NOTE | |
r-devel-linux-x86_64-debian-gcc | 0.5.1 | 7.47 | 21.39 | 28.86 | NOTE | |
r-devel-linux-x86_64-fedora-clang | 0.5.1 | 63.78 | OK | |||
r-devel-linux-x86_64-fedora-gcc | 0.5.1 | 59.38 | OK | |||
r-devel-windows-x86_64 | 0.5.1 | 14.00 | 66.00 | 80.00 | OK | |
r-patched-linux-x86_64 | 0.5.1 | 10.49 | 25.73 | 36.22 | OK | |
r-release-linux-x86_64 | 0.5.1 | 10.17 | 25.84 | 36.01 | OK | |
r-release-macos-arm64 | 0.5.1 | 22.00 | OK | |||
r-release-macos-x86_64 | 0.5.1 | 36.00 | OK | |||
r-release-windows-x86_64 | 0.5.1 | 14.00 | 68.00 | 82.00 | OK | |
r-oldrel-macos-arm64 | 0.5.1 | 21.00 | OK | |||
r-oldrel-macos-x86_64 | 0.5.1 | 31.00 | OK | |||
r-oldrel-windows-x86_64 | 0.5.1 | 15.00 | 78.00 | 93.00 | OK |
Version: 0.5.1
Check: CRAN incoming feasibility
Result: NOTE
Maintainer: ‘Sebastian O. Schneider <sschneider@coll.mpg.de>’
No Authors@R field in DESCRIPTION.
Please add one, modifying
Authors@R: c(person(given = c("Sebastian", "O."),
family = "Schneider",
role = c("aut", "cre"),
email = "sschneider@coll.mpg.de"),
person(given = "Giulia",
family = "Baldini",
role = "aut"))
as necessary.
Flavors: r-devel-linux-x86_64-debian-clang, r-devel-linux-x86_64-debian-gcc