Last updated on 2024-07-17 04:49:59 CEST.
Flavor | Version | Tinstall | Tcheck | Ttotal | Status | Flags |
---|---|---|---|---|---|---|
r-devel-linux-x86_64-debian-clang | 0.1.0 | 14.03 | 114.32 | 128.35 | OK | |
r-devel-linux-x86_64-debian-gcc | 0.1.0 | 8.96 | 84.65 | 93.61 | OK | |
r-devel-linux-x86_64-fedora-clang | 0.1.0 | 156.25 | NOTE | |||
r-devel-linux-x86_64-fedora-gcc | 0.1.0 | 148.11 | NOTE | |||
r-devel-windows-x86_64 | 0.1.0 | 13.00 | 96.00 | 109.00 | OK | |
r-patched-linux-x86_64 | 0.1.0 | 11.06 | 110.09 | 121.15 | OK | |
r-release-linux-x86_64 | 0.1.0 | 9.22 | 107.95 | 117.17 | OK | |
r-release-macos-arm64 | 0.1.0 | 41.00 | OK | |||
r-release-macos-x86_64 | 0.1.0 | 65.00 | OK | |||
r-release-windows-x86_64 | 0.1.0 | 12.00 | 97.00 | 109.00 | OK | |
r-oldrel-macos-arm64 | 0.1.0 | 48.00 | OK | |||
r-oldrel-macos-x86_64 | 0.1.0 | 63.00 | OK | |||
r-oldrel-windows-x86_64 | 0.1.0 | 15.00 | 119.00 | 134.00 | OK |
Version: 0.1.0
Check: dependencies in R code
Result: NOTE
Namespace in Imports field not imported from: ‘utils’
All declared Imports should be used.
Flavors: r-devel-linux-x86_64-fedora-clang, r-devel-linux-x86_64-fedora-gcc