CRAN Package Check Results for Package locits

Last updated on 2025-07-18 15:49:27 CEST.

Flavor Version Tinstall Tcheck Ttotal Status Flags
r-devel-linux-x86_64-debian-clang 1.7.7 6.22 55.61 61.83 NOTE
r-devel-linux-x86_64-debian-gcc 1.7.7 5.48 39.88 45.36 NOTE
r-devel-linux-x86_64-fedora-clang 1.7.7 93.73 NOTE
r-devel-linux-x86_64-fedora-gcc 1.7.7 90.91 NOTE
r-devel-windows-x86_64 1.7.7 11.00 82.00 93.00 NOTE
r-patched-linux-x86_64 1.7.7 7.83 52.02 59.85 NOTE
r-release-linux-x86_64 1.7.7 6.76 52.02 58.78 NOTE
r-release-macos-arm64 1.7.7 37.00 NOTE
r-release-macos-x86_64 1.7.7 57.00 NOTE
r-release-windows-x86_64 1.7.7 11.00 83.00 94.00 NOTE
r-oldrel-macos-arm64 1.7.7 34.00 NOTE
r-oldrel-macos-x86_64 1.7.7 45.00 NOTE
r-oldrel-windows-x86_64 1.7.7 13.00 92.00 105.00 NOTE

Check Details

Version: 1.7.7
Check: Rd files
Result: NOTE checkRd: (-1) Rvarlacf.Rd:104: Lost braces 104 | eqn{(2s+1)^{-2}} (this was the default in versions prior to | ^ checkRd: (-1) Rvarlacf.Rd:104: Lost braces; missing escapes or markup? 104 | eqn{(2s+1)^{-2}} (this was the default in versions prior to | ^ Flavors: r-devel-linux-x86_64-debian-clang, r-devel-linux-x86_64-debian-gcc, r-devel-linux-x86_64-fedora-clang, r-devel-linux-x86_64-fedora-gcc, r-devel-windows-x86_64, r-patched-linux-x86_64, r-release-linux-x86_64, r-release-macos-arm64, r-release-macos-x86_64, r-release-windows-x86_64, r-oldrel-macos-arm64, r-oldrel-macos-x86_64, r-oldrel-windows-x86_64

Version: 1.7.7
Check: Rd cross-references
Result: NOTE Found the following Rd file(s) with Rd \link{} targets missing package anchors: EstBetaCov.Rd: PsiJ Please provide package anchors for all Rd \link{} targets not in the package itself and the base packages. Flavors: r-devel-linux-x86_64-debian-clang, r-devel-linux-x86_64-debian-gcc, r-devel-windows-x86_64, r-patched-linux-x86_64, r-release-linux-x86_64, r-release-windows-x86_64