Last updated on 2024-06-09 13:57:31 CEST.
Flavor | Version | Tinstall | Tcheck | Ttotal | Status | Flags |
---|---|---|---|---|---|---|
r-devel-linux-x86_64-debian-clang | 1.8.0 | 42.82 | 468.88 | 511.70 | OK | |
r-devel-linux-x86_64-debian-gcc | 1.8.0 | OK | ||||
r-devel-linux-x86_64-fedora-clang | 1.8.0 | 554.78 | OK | |||
r-devel-linux-x86_64-fedora-gcc | 1.8.0 | 526.04 | OK | |||
r-devel-windows-x86_64 | 1.8.0 | 34.00 | 323.00 | 357.00 | OK | |
r-patched-linux-x86_64 | 1.8.0 | 41.47 | 443.67 | 485.14 | OK | |
r-release-linux-x86_64 | 1.8.0 | 39.41 | 433.86 | 473.27 | OK | |
r-release-macos-arm64 | 1.8.0 | 141.00 | OK | |||
r-release-macos-x86_64 | 1.8.0 | 310.00 | OK | |||
r-release-windows-x86_64 | 1.8.0 | 36.00 | 323.00 | 359.00 | OK | |
r-oldrel-macos-arm64 | 1.8.0 | 148.00 | OK | |||
r-oldrel-macos-x86_64 | 1.8.0 | 351.00 | OK | |||
r-oldrel-windows-x86_64 | 1.8.0 | 47.00 | 425.00 | 472.00 | WARN |
Version: 1.8.0
Check: for unstated dependencies in ‘tests’
Result: WARN
Warning: unable to access index for repository https://CRAN.R-project.org/src/contrib:
cannot open URL 'https://CRAN.R-project.org/src/contrib/PACKAGES'
Flavor: r-oldrel-windows-x86_64