Last updated on 2024-07-17 04:49:58 CEST.
Flavor | Version | Tinstall | Tcheck | Ttotal | Status | Flags |
---|---|---|---|---|---|---|
r-devel-linux-x86_64-debian-clang | 0.0.1 | 2.67 | 44.03 | 46.70 | OK | |
r-devel-linux-x86_64-debian-gcc | 0.0.1 | 2.72 | 32.93 | 35.65 | OK | |
r-devel-linux-x86_64-fedora-clang | 0.0.1 | 59.54 | NOTE | |||
r-devel-linux-x86_64-fedora-gcc | 0.0.1 | 55.72 | NOTE | |||
r-devel-windows-x86_64 | 0.0.1 | 6.00 | 57.00 | 63.00 | OK | |
r-patched-linux-x86_64 | 0.0.1 | 3.21 | 43.05 | 46.26 | OK | |
r-release-linux-x86_64 | 0.0.1 | 2.06 | 42.64 | 44.70 | OK | |
r-release-macos-arm64 | 0.0.1 | 22.00 | OK | |||
r-release-macos-x86_64 | 0.0.1 | 54.00 | OK | |||
r-release-windows-x86_64 | 0.0.1 | 6.00 | 57.00 | 63.00 | OK | |
r-oldrel-macos-arm64 | 0.0.1 | 26.00 | OK | |||
r-oldrel-macos-x86_64 | 0.0.1 | 43.00 | OK | |||
r-oldrel-windows-x86_64 | 0.0.1 | 5.00 | 62.00 | 67.00 | OK |
Version: 0.0.1
Check: dependencies in R code
Result: NOTE
Namespaces in Imports field not imported from:
‘bslib’ ‘ggplot2’ ‘shinydashboard’
All declared Imports should be used.
Flavors: r-devel-linux-x86_64-fedora-clang, r-devel-linux-x86_64-fedora-gcc