Last updated on 2024-07-01 02:49:04 CEST.
Flavor | Version | Tinstall | Tcheck | Ttotal | Status | Flags |
---|---|---|---|---|---|---|
r-devel-linux-x86_64-debian-clang | 1.73 | 8.35 | 76.53 | 84.88 | OK | |
r-devel-linux-x86_64-debian-gcc | 1.73 | 4.93 | 57.68 | 62.61 | OK | |
r-devel-linux-x86_64-fedora-clang | 1.73 | 104.54 | NOTE | |||
r-devel-linux-x86_64-fedora-gcc | 1.73 | 111.54 | NOTE | |||
r-devel-windows-x86_64 | 1.73 | 8.00 | 104.00 | 112.00 | OK | |
r-patched-linux-x86_64 | 1.73 | 9.37 | 71.99 | 81.36 | OK | |
r-release-linux-x86_64 | 1.73 | 7.21 | 72.93 | 80.14 | OK | |
r-release-macos-arm64 | 1.73 | 39.00 | OK | |||
r-release-macos-x86_64 | 1.73 | 55.00 | OK | |||
r-release-windows-x86_64 | 1.73 | 6.00 | 107.00 | 113.00 | OK | |
r-oldrel-macos-arm64 | 1.73 | 55.00 | OK | |||
r-oldrel-macos-x86_64 | 1.73 | 130.00 | OK | |||
r-oldrel-windows-x86_64 | 1.73 | 9.00 | 115.00 | 124.00 | OK |
Version: 1.73
Check: dependencies in R code
Result: NOTE
Namespace in Imports field not imported from: ‘RUnit’
All declared Imports should be used.
Flavors: r-devel-linux-x86_64-fedora-clang, r-devel-linux-x86_64-fedora-gcc