Last updated on 2024-08-17 15:49:46 CEST.
Flavor | Version | Tinstall | Tcheck | Ttotal | Status | Flags |
---|---|---|---|---|---|---|
r-devel-linux-x86_64-debian-clang | 2.3 | 3.37 | 30.32 | 33.69 | NOTE | |
r-devel-linux-x86_64-debian-gcc | 2.3 | 2.72 | 23.99 | 26.71 | NOTE | |
r-devel-linux-x86_64-fedora-clang | 2.3 | 53.98 | OK | |||
r-devel-linux-x86_64-fedora-gcc | 2.3 | 51.78 | OK | |||
r-devel-windows-x86_64 | 2.3 | 5.00 | 51.00 | 56.00 | NOTE | |
r-patched-linux-x86_64 | 2.3 | 5.52 | 29.24 | 34.76 | OK | |
r-release-linux-x86_64 | 2.3 | 2.78 | 29.09 | 31.87 | OK | |
r-release-macos-arm64 | 2.3 | 25.00 | OK | |||
r-release-macos-x86_64 | 2.3 | 33.00 | OK | |||
r-release-windows-x86_64 | 2.3 | 4.00 | 51.00 | 55.00 | OK | |
r-oldrel-macos-arm64 | 2.3 | 26.00 | OK | |||
r-oldrel-macos-x86_64 | 2.3 | 33.00 | OK | |||
r-oldrel-windows-x86_64 | 2.3 | 5.00 | 55.00 | 60.00 | OK |
Version: 2.3
Check: Rd cross-references
Result: NOTE
Found the following Rd file(s) with Rd \link{} targets missing package
anchors:
Deltachi.Rd: lavaan, sem
Likedist.Rd: lavaan, sem
fitinfluence.Rd: lavaan, sem
genCookDist.Rd: lavaan, sem
parinfluence.Rd: lavaan, sem
Please provide package anchors for all Rd \link{} targets not in the
package itself and the base packages.
Flavors: r-devel-linux-x86_64-debian-clang, r-devel-linux-x86_64-debian-gcc, r-devel-windows-x86_64