Last updated on 2024-06-09 13:57:30 CEST.
Flavor | Version | Tinstall | Tcheck | Ttotal | Status | Flags |
---|---|---|---|---|---|---|
r-devel-linux-x86_64-debian-clang | 1.2-6 | 5.26 | 58.41 | 63.67 | NOTE | |
r-devel-linux-x86_64-debian-gcc | 1.2-6 | NOTE | ||||
r-devel-linux-x86_64-fedora-clang | 1.2-6 | 80.51 | NOTE | |||
r-devel-linux-x86_64-fedora-gcc | 1.2-6 | 76.08 | NOTE | |||
r-devel-windows-x86_64 | 1.2-6 | 5.00 | 64.00 | 69.00 | NOTE | |
r-patched-linux-x86_64 | 1.2-6 | 5.31 | 57.22 | 62.53 | NOTE | |
r-release-linux-x86_64 | 1.2-6 | 4.74 | 57.21 | 61.95 | NOTE | |
r-release-macos-arm64 | 1.2-6 | 24.00 | NOTE | |||
r-release-macos-x86_64 | 1.2-6 | 37.00 | NOTE | |||
r-release-windows-x86_64 | 1.2-6 | 6.00 | 65.00 | 71.00 | NOTE | |
r-oldrel-macos-arm64 | 1.2-6 | 25.00 | NOTE | |||
r-oldrel-macos-x86_64 | 1.2-6 | 42.00 | NOTE | |||
r-oldrel-windows-x86_64 | 1.2-6 | 6.00 | 73.00 | 79.00 | NOTE |
Version: 1.2-6
Check: package dependencies
Result: NOTE
Package suggested but not available for checking: ‘glmmADMB’
Flavors: r-devel-linux-x86_64-debian-clang, r-devel-linux-x86_64-debian-gcc, r-devel-linux-x86_64-fedora-clang, r-devel-linux-x86_64-fedora-gcc, r-devel-windows-x86_64, r-patched-linux-x86_64, r-release-linux-x86_64, r-release-macos-arm64, r-release-macos-x86_64, r-release-windows-x86_64, r-oldrel-macos-arm64, r-oldrel-macos-x86_64, r-oldrel-windows-x86_64