Last updated on 2024-06-09 13:57:29 CEST.
Flavor | Version | Tinstall | Tcheck | Ttotal | Status | Flags |
---|---|---|---|---|---|---|
r-devel-linux-x86_64-debian-clang | 0.7-5 | 17.48 | 105.96 | 123.44 | NOTE | |
r-devel-linux-x86_64-debian-gcc | 0.7-5 | NOTE | ||||
r-devel-linux-x86_64-fedora-clang | 0.7-5 | 161.15 | NOTE | |||
r-devel-linux-x86_64-fedora-gcc | 0.7-5 | 147.82 | NOTE | |||
r-devel-windows-x86_64 | 0.7-5 | 16.00 | 94.00 | 110.00 | NOTE | |
r-patched-linux-x86_64 | 0.7-5 | 19.67 | 102.71 | 122.38 | NOTE | |
r-release-linux-x86_64 | 0.7-5 | 14.52 | 102.93 | 117.45 | NOTE | |
r-release-macos-arm64 | 0.7-5 | 42.00 | NOTE | |||
r-release-macos-x86_64 | 0.7-5 | 63.00 | NOTE | |||
r-release-windows-x86_64 | 0.7-5 | 14.00 | 94.00 | 108.00 | NOTE | |
r-oldrel-macos-arm64 | 0.7-5 | 47.00 | NOTE | |||
r-oldrel-macos-x86_64 | 0.7-5 | 73.00 | NOTE | |||
r-oldrel-windows-x86_64 | 0.7-5 | 20.00 | 111.00 | 131.00 | NOTE |
Version: 0.7-5
Check: Rd files
Result: NOTE
checkRd: (-1) BVDWSTOXX.Rd:14: Escaped LaTeX specials: \&
checkRd: (-1) BVDWSTOXX.Rd:15: Escaped LaTeX specials: \&
checkRd: (-1) BVDWSTOXX.Rd:16: Escaped LaTeX specials: \& \&
checkRd: (-1) BVDWSTOXX.Rd:26: Escaped LaTeX specials: \&
checkRd: (-1) BVDWSTOXX.Rd:31: Escaped LaTeX specials: \&
checkRd: (-1) BVDWSTOXX.Rd:34: Escaped LaTeX specials: \&
checkRd: (-1) BVDWSTOXX.Rd:37: Escaped LaTeX specials: \&
Flavors: r-devel-linux-x86_64-debian-clang, r-devel-linux-x86_64-debian-gcc, r-devel-linux-x86_64-fedora-clang, r-devel-linux-x86_64-fedora-gcc, r-devel-windows-x86_64, r-patched-linux-x86_64, r-release-linux-x86_64, r-release-macos-arm64, r-release-macos-x86_64, r-release-windows-x86_64, r-oldrel-macos-arm64, r-oldrel-macos-x86_64, r-oldrel-windows-x86_64
Version: 0.7-5
Check: Rd cross-references
Result: NOTE
Undeclared package ‘fBasics’ in Rd xrefs
Flavor: r-devel-linux-x86_64-fedora-clang