Last updated on 2024-07-17 04:49:53 CEST.
Flavor | Version | Tinstall | Tcheck | Ttotal | Status | Flags |
---|---|---|---|---|---|---|
r-devel-linux-x86_64-debian-clang | 1.0 | 7.83 | 87.70 | 95.53 | OK | |
r-devel-linux-x86_64-debian-gcc | 1.0 | 7.45 | 64.23 | 71.68 | OK | |
r-devel-linux-x86_64-fedora-clang | 1.0 | 127.62 | OK | |||
r-devel-linux-x86_64-fedora-gcc | 1.0 | 111.65 | OK | |||
r-devel-windows-x86_64 | 1.0 | 11.00 | 83.00 | 94.00 | NOTE | |
r-patched-linux-x86_64 | 1.0 | 16.28 | 81.37 | 97.65 | OK | |
r-release-linux-x86_64 | 1.0 | 6.30 | 81.28 | 87.58 | OK | |
r-release-macos-arm64 | 1.0 | 34.00 | OK | |||
r-release-macos-x86_64 | 1.0 | 54.00 | OK | |||
r-release-windows-x86_64 | 1.0 | 10.00 | 83.00 | 93.00 | OK | |
r-oldrel-macos-arm64 | 1.0 | 37.00 | OK | |||
r-oldrel-macos-x86_64 | 1.0 | 66.00 | OK | |||
r-oldrel-windows-x86_64 | 1.0 | 12.00 | 93.00 | 105.00 | OK |
Version: 1.0
Check: Rd cross-references
Result: NOTE
Found the following Rd file(s) with Rd \link{} targets missing package
anchors:
analyze.windanomaly.Rd: lpacf.plot
forecastlpacf.Rd: lpacf
Please provide package anchors for all Rd \link{} targets not in the
package itself and the base packages.
Flavor: r-devel-windows-x86_64