Last updated on 2025-07-12 18:49:37 CEST.
Flavor | Version | Tinstall | Tcheck | Ttotal | Status | Flags |
---|---|---|---|---|---|---|
r-devel-linux-x86_64-debian-clang | 0.95 | 2.94 | 72.38 | 75.32 | NOTE | |
r-devel-linux-x86_64-debian-gcc | 0.95 | 2.15 | 58.63 | 60.78 | NOTE | |
r-devel-linux-x86_64-fedora-clang | 0.95 | 91.76 | NOTE | |||
r-devel-linux-x86_64-fedora-gcc | 0.95 | 106.77 | NOTE | |||
r-devel-windows-x86_64 | 0.95 | 5.00 | 70.00 | 75.00 | NOTE | |
r-patched-linux-x86_64 | 0.95 | 3.06 | 68.83 | 71.89 | NOTE | |
r-release-linux-x86_64 | 0.95 | 2.67 | 68.96 | 71.63 | NOTE | |
r-release-macos-arm64 | 0.95 | 40.00 | NOTE | |||
r-release-macos-x86_64 | 0.95 | 61.00 | NOTE | |||
r-release-windows-x86_64 | 0.95 | 6.00 | 69.00 | 75.00 | NOTE | |
r-oldrel-macos-arm64 | 0.95 | 56.00 | OK | |||
r-oldrel-macos-x86_64 | 0.95 | 97.00 | OK | |||
r-oldrel-windows-x86_64 | 0.95 | 5.00 | 80.00 | 85.00 | OK |
Version: 0.95
Check: DESCRIPTION meta-information
Result: NOTE
Missing dependency on R >= 4.1.0 because package code uses the pipe
|> or function shorthand \(...) syntax added in R 4.1.0.
File(s) using such syntax:
‘corrRect.hclust.Rd’
Flavors: r-devel-linux-x86_64-debian-clang, r-devel-linux-x86_64-debian-gcc, r-devel-linux-x86_64-fedora-clang, r-devel-linux-x86_64-fedora-gcc, r-devel-windows-x86_64, r-patched-linux-x86_64, r-release-linux-x86_64, r-release-macos-arm64, r-release-macos-x86_64, r-release-windows-x86_64