Last updated on 2025-07-18 18:51:08 CEST.
Flavor | Version | Tinstall | Tcheck | Ttotal | Status | Flags |
---|---|---|---|---|---|---|
r-devel-linux-x86_64-debian-clang | 1.3-7 | 13.57 | 124.20 | 137.77 | NOTE | |
r-devel-linux-x86_64-debian-gcc | 1.3-7 | 9.68 | 81.32 | 91.00 | NOTE | |
r-devel-linux-x86_64-fedora-clang | 1.3-7 | 212.67 | OK | |||
r-devel-linux-x86_64-fedora-gcc | 1.3-7 | 215.47 | OK | |||
r-devel-windows-x86_64 | 1.3-7 | 15.00 | 168.00 | 183.00 | OK | |
r-patched-linux-x86_64 | 1.3-7 | 14.05 | 116.52 | 130.57 | OK | |
r-release-linux-x86_64 | 1.3-7 | 13.03 | 115.40 | 128.43 | OK | |
r-release-macos-arm64 | 1.3-7 | 83.00 | OK | |||
r-release-macos-x86_64 | 1.3-7 | 155.00 | OK | |||
r-release-windows-x86_64 | 1.3-7 | 15.00 | 167.00 | 182.00 | OK | |
r-oldrel-macos-arm64 | 1.3-7 | 69.00 | OK | |||
r-oldrel-macos-x86_64 | 1.3-7 | 120.00 | OK | |||
r-oldrel-windows-x86_64 | 1.3-7 | 22.00 | 194.00 | 216.00 | OK |
Version: 1.3-7
Check: CRAN incoming feasibility
Result: NOTE
Maintainer: ‘Felipe de Mendiburu <fmendiburu@lamolina.edu.pe>’
No Authors@R field in DESCRIPTION.
Please add one, modifying
Authors@R: person(given = "Felipe",
family = "de Mendiburu",
role = c("aut", "cre"),
email = "fmendiburu@lamolina.edu.pe")
as necessary.
Flavors: r-devel-linux-x86_64-debian-clang, r-devel-linux-x86_64-debian-gcc