Last updated on 2024-07-17 04:50:11 CEST.
Flavor | Version | Tinstall | Tcheck | Ttotal | Status | Flags |
---|---|---|---|---|---|---|
r-devel-linux-x86_64-debian-clang | 0.9 | 4.44 | 29.75 | 34.19 | NOTE | |
r-devel-linux-x86_64-debian-gcc | 0.9 | 2.90 | 22.11 | 25.01 | NOTE | |
r-devel-linux-x86_64-fedora-clang | 0.9 | 42.54 | NOTE | |||
r-devel-linux-x86_64-fedora-gcc | 0.9 | 38.74 | NOTE | |||
r-devel-windows-x86_64 | 0.9 | 7.00 | 48.00 | 55.00 | NOTE | |
r-patched-linux-x86_64 | 0.9 | 3.12 | 27.42 | 30.54 | NOTE | |
r-release-linux-x86_64 | 0.9 | 3.55 | 24.13 | 27.68 | NOTE | |
r-release-macos-arm64 | 0.9 | 20.00 | NOTE | |||
r-release-macos-x86_64 | 0.9 | 32.00 | NOTE | |||
r-release-windows-x86_64 | 0.9 | 7.00 | 130.00 | 137.00 | NOTE | |
r-oldrel-macos-arm64 | 0.9 | 20.00 | NOTE | |||
r-oldrel-macos-x86_64 | 0.9 | 30.00 | NOTE | |||
r-oldrel-windows-x86_64 | 0.9 | 9.00 | 206.00 | 215.00 | NOTE |
Version: 0.9
Check: LazyData
Result: NOTE
'LazyData' is specified without a 'data' directory
Flavors: r-devel-linux-x86_64-debian-clang, r-devel-linux-x86_64-debian-gcc, r-devel-linux-x86_64-fedora-clang, r-devel-linux-x86_64-fedora-gcc, r-devel-windows-x86_64, r-patched-linux-x86_64, r-release-linux-x86_64, r-release-macos-arm64, r-release-macos-x86_64, r-release-windows-x86_64, r-oldrel-macos-arm64, r-oldrel-macos-x86_64, r-oldrel-windows-x86_64