Last updated on 2025-07-21 09:50:09 CEST.
Flavor | Version | Tinstall | Tcheck | Ttotal | Status | Flags |
---|---|---|---|---|---|---|
r-devel-linux-x86_64-debian-clang | 4.2-21 | 140.35 | 175.72 | 316.07 | NOTE | |
r-devel-linux-x86_64-debian-gcc | 4.2-21 | 99.28 | 109.56 | 208.84 | NOTE | |
r-devel-linux-x86_64-fedora-clang | 4.2-21 | 623.02 | OK | |||
r-devel-linux-x86_64-fedora-gcc | 4.2-21 | 516.48 | OK | |||
r-devel-windows-x86_64 | 4.2-21 | 165.00 | 295.00 | 460.00 | NOTE | |
r-patched-linux-x86_64 | 4.2-21 | 143.20 | 162.99 | 306.19 | NOTE | |
r-release-linux-x86_64 | 4.2-21 | 145.94 | 160.29 | 306.23 | NOTE | |
r-release-macos-arm64 | 4.2-21 | 118.00 | OK | |||
r-release-macos-x86_64 | 4.2-21 | 187.00 | OK | |||
r-release-windows-x86_64 | 4.2-21 | 167.00 | 191.00 | 358.00 | NOTE | |
r-oldrel-macos-arm64 | 4.2-21 | 113.00 | NOTE | |||
r-oldrel-macos-x86_64 | 4.2-21 | 171.00 | NOTE | |||
r-oldrel-windows-x86_64 | 4.2-21 | 199.00 | 461.00 | 660.00 | OK |
Version: 4.2-21
Check: CRAN incoming feasibility
Result: NOTE
Maintainer: ‘Alexander Robitzsch <robitzsch@ipn.uni-kiel.de>’
No Authors@R field in DESCRIPTION.
Please add one, modifying
Authors@R: c(person(given = "Alexander",
family = "Robitzsch",
role = c("aut", "cre"),
email = "robitzsch@ipn.uni-kiel.de",
comment = c(ORCID = "0000-0002-8226-3132")),
person(given = "Thomas",
family = "Kiefer",
role = "aut"),
person(given = "Margaret",
family = "Wu",
role = "aut"))
as necessary.
Flavors: r-devel-linux-x86_64-debian-clang, r-devel-linux-x86_64-debian-gcc
Version: 4.2-21
Check: Rd cross-references
Result: NOTE
Found the following Rd file(s) with Rd \link{} targets missing package
anchors:
IRT.threshold.Rd: IRT.irfprob
Please provide package anchors for all Rd \link{} targets not in the
package itself and the base packages.
Flavors: r-devel-linux-x86_64-debian-clang, r-devel-linux-x86_64-debian-gcc, r-devel-windows-x86_64, r-patched-linux-x86_64, r-release-linux-x86_64, r-release-windows-x86_64
Version: 4.2-21
Check: installed package size
Result: NOTE
installed size is 7.4Mb
sub-directories of 1Mb or more:
R 2.0Mb
libs 4.5Mb
Flavors: r-oldrel-macos-arm64, r-oldrel-macos-x86_64