Last updated on 2025-07-20 04:51:14 CEST.
Flavor | Version | Tinstall | Tcheck | Ttotal | Status | Flags |
---|---|---|---|---|---|---|
r-devel-linux-x86_64-debian-clang | 1.0.4 | 38.37 | 66.84 | 105.21 | OK | |
r-devel-linux-x86_64-debian-gcc | 1.0.4 | 30.82 | 47.89 | 78.71 | OK | |
r-devel-linux-x86_64-fedora-clang | 1.0.4 | 191.59 | OK | |||
r-devel-linux-x86_64-fedora-gcc | 1.0.4 | 182.26 | OK | |||
r-devel-windows-x86_64 | 1.0.4 | 50.00 | 103.00 | 153.00 | OK | |
r-patched-linux-x86_64 | 1.0.4 | 46.72 | 62.38 | 109.10 | OK | |
r-release-linux-x86_64 | 1.0.4 | 43.92 | 62.98 | 106.90 | OK | |
r-release-macos-arm64 | 1.0.4 | 45.00 | OK | |||
r-release-macos-x86_64 | 1.0.4 | 87.00 | OK | |||
r-release-windows-x86_64 | 1.0.4 | 47.00 | 100.00 | 147.00 | OK | |
r-oldrel-macos-arm64 | 1.0.4 | 33.00 | NOTE | |||
r-oldrel-macos-x86_64 | 1.0.4 | 50.00 | NOTE | |||
r-oldrel-windows-x86_64 | 1.0.4 | 59.00 | 122.00 | 181.00 | NOTE |
Version: 1.0.4
Check: for GNU extensions in Makefiles
Result: NOTE
GNU make is a SystemRequirements.
Flavors: r-oldrel-macos-arm64, r-oldrel-macos-x86_64, r-oldrel-windows-x86_64