Last updated on 2024-07-17 04:50:06 CEST.
Flavor | Version | Tinstall | Tcheck | Ttotal | Status | Flags |
---|---|---|---|---|---|---|
r-devel-linux-x86_64-debian-clang | 1.0.0 | 10.18 | 73.77 | 83.95 | OK | |
r-devel-linux-x86_64-debian-gcc | 1.0.0 | 7.08 | 55.31 | 62.39 | OK | |
r-devel-linux-x86_64-fedora-clang | 1.0.0 | 99.71 | NOTE | |||
r-devel-linux-x86_64-fedora-gcc | 1.0.0 | 104.12 | NOTE | |||
r-devel-windows-x86_64 | 1.0.0 | 9.00 | 71.00 | 80.00 | OK | |
r-patched-linux-x86_64 | 1.0.0 | 8.98 | 68.46 | 77.44 | OK | |
r-release-linux-x86_64 | 1.0.0 | 7.26 | 70.97 | 78.23 | OK | |
r-release-macos-arm64 | 1.0.0 | 33.00 | OK | |||
r-release-macos-x86_64 | 1.0.0 | 44.00 | OK | |||
r-release-windows-x86_64 | 1.0.0 | 9.00 | 72.00 | 81.00 | OK | |
r-oldrel-macos-arm64 | 1.0.0 | 39.00 | OK | |||
r-oldrel-macos-x86_64 | 1.0.0 | 48.00 | OK | |||
r-oldrel-windows-x86_64 | 1.0.0 | 10.00 | 82.00 | 92.00 | OK |
Version: 1.0.0
Check: data for non-ASCII characters
Result: NOTE
Note: found 4 marked UTF-8 strings
Flavors: r-devel-linux-x86_64-fedora-clang, r-devel-linux-x86_64-fedora-gcc