Last updated on 2024-06-09 13:57:37 CEST.
Flavor | Version | Tinstall | Tcheck | Ttotal | Status | Flags |
---|---|---|---|---|---|---|
r-devel-linux-x86_64-debian-clang | 0.3-6 | 0.28 | 2.26 | 2.54 | ERROR | --install=fake --no-examples --no-tests --no-vignettes |
r-devel-linux-x86_64-debian-gcc | 0.3-6 | OK | --install=fake --no-examples --no-tests --no-vignettes | |||
r-patched-linux-x86_64 | 0.3-6 | 0.27 | 2.17 | 2.44 | ERROR | --install=fake --no-examples --no-tests --no-vignettes |
r-release-linux-x86_64 | 0.3-6 | 0.39 | 2.03 | 2.42 | ERROR | --install=fake --no-examples --no-tests --no-vignettes |
r-release-macos-arm64 | 0.3-6 | 7.00 | ERROR | |||
r-release-macos-x86_64 | 0.3-6 | 10.00 | ERROR | |||
r-release-windows-x86_64 | 0.3-6 | 10.00 | 6.00 | 16.00 | ERROR | |
r-oldrel-macos-arm64 | 0.3-6 | 12.00 | ERROR | |||
r-oldrel-macos-x86_64 | 0.3-6 | 22.00 | ERROR | |||
r-oldrel-windows-x86_64 | 0.3-5 | 3.00 | 7.00 | 10.00 | ERROR |
Version: 0.3-6
Flags: --install=fake --no-examples --no-tests --no-vignettes
Check: whether package can be installed
Result: ERROR
Installation failed.
Flavors: r-devel-linux-x86_64-debian-clang, r-patched-linux-x86_64, r-release-linux-x86_64
Version: 0.3-6
Check: whether package can be installed
Result: ERROR
Installation failed.
Flavors: r-release-macos-arm64, r-release-macos-x86_64, r-release-windows-x86_64, r-oldrel-macos-arm64, r-oldrel-macos-x86_64
Version: 0.3-5
Check: whether package can be installed
Result: ERROR
Installation failed.
Flavor: r-oldrel-windows-x86_64