Last updated on 2024-08-10 08:48:19 CEST.
Flavor | Version | Tinstall | Tcheck | Ttotal | Status | Flags |
---|---|---|---|---|---|---|
r-devel-linux-x86_64-debian-clang | 0.2-2 | 18.00 | 131.15 | 149.15 | NOTE | |
r-devel-linux-x86_64-debian-gcc | 0.2-2 | 14.70 | 96.15 | 110.85 | NOTE | |
r-devel-linux-x86_64-fedora-clang | 0.2-2 | 253.45 | OK | |||
r-devel-linux-x86_64-fedora-gcc | 0.2-2 | 241.51 | OK | |||
r-devel-windows-x86_64 | 0.2-2 | 24.00 | 201.00 | 225.00 | NOTE | |
r-patched-linux-x86_64 | 0.2-2 | 24.59 | 124.37 | 148.96 | OK | |
r-release-linux-x86_64 | 0.2-2 | 17.34 | 126.01 | 143.35 | OK | |
r-release-macos-arm64 | 0.2-2 | 86.00 | OK | |||
r-release-macos-x86_64 | 0.2-2 | 111.00 | OK | |||
r-release-windows-x86_64 | 0.2-2 | 23.00 | 179.00 | 202.00 | OK | |
r-oldrel-macos-arm64 | 0.2-2 | 71.00 | OK | |||
r-oldrel-macos-x86_64 | 0.2-2 | 224.00 | OK | |||
r-oldrel-windows-x86_64 | 0.2-2 | 22.00 | 159.00 | 181.00 | OK |
Version: 0.2-2
Check: Rd cross-references
Result: NOTE
Found the following Rd file(s) with Rd \link{} targets missing package
anchors:
RcmdrPlugin.BWS2-package.Rd: DoE.base, Rcmdr, support.BWS2,
support.CEs, survival
Please provide package anchors for all Rd \link{} targets not in the
package itself and the base packages.
Flavors: r-devel-linux-x86_64-debian-clang, r-devel-linux-x86_64-debian-gcc, r-devel-windows-x86_64