Last updated on 2024-06-09 13:57:33 CEST.
Flavor | Version | Tinstall | Tcheck | Ttotal | Status | Flags |
---|---|---|---|---|---|---|
r-devel-linux-x86_64-debian-clang | 2.0.0 | 6.32 | 36.67 | 42.99 | OK | |
r-devel-linux-x86_64-debian-gcc | 2.0.0 | OK | ||||
r-devel-linux-x86_64-fedora-clang | 2.0.0 | 53.78 | NOTE | |||
r-devel-linux-x86_64-fedora-gcc | 2.0.0 | 52.93 | NOTE | |||
r-devel-windows-x86_64 | 2.0.0 | 8.00 | 49.00 | 57.00 | OK | |
r-patched-linux-x86_64 | 2.0.0 | 3.83 | 35.07 | 38.90 | OK | |
r-release-linux-x86_64 | 2.0.0 | 4.45 | 35.76 | 40.21 | OK | |
r-release-macos-arm64 | 2.0.0 | 24.00 | OK | |||
r-release-macos-x86_64 | 2.0.0 | 47.00 | OK | |||
r-release-windows-x86_64 | 2.0.0 | 9.00 | 59.00 | 68.00 | OK | |
r-oldrel-macos-arm64 | 2.0.0 | 26.00 | OK | |||
r-oldrel-macos-x86_64 | 2.0.0 | 32.00 | OK | |||
r-oldrel-windows-x86_64 | 2.0.0 | 10.00 | 54.00 | 64.00 | OK |
Version: 2.0.0
Check: dependencies in R code
Result: NOTE
Namespace in Imports field not imported from: ‘testthat’
All declared Imports should be used.
Flavors: r-devel-linux-x86_64-fedora-clang, r-devel-linux-x86_64-fedora-gcc