CRAN Package Check Results for Package MaxentVariableSelection

Last updated on 2025-07-13 21:48:33 CEST.

Flavor Version Tinstall Tcheck Ttotal Status Flags
r-devel-linux-x86_64-debian-clang 1.0-3 2.14 35.44 37.58 NOTE
r-devel-linux-x86_64-debian-gcc 1.0-3 1.86 26.62 28.48 NOTE
r-devel-linux-x86_64-fedora-clang 1.0-3 57.99 NOTE
r-devel-linux-x86_64-fedora-gcc 1.0-3 72.50 NOTE
r-devel-windows-x86_64 1.0-3 4.00 52.00 56.00 NOTE
r-patched-linux-x86_64 1.0-3 2.08 32.37 34.45 NOTE
r-release-linux-x86_64 1.0-3 2.17 32.13 34.30 NOTE
r-release-macos-arm64 1.0-3 46.00 NOTE
r-release-macos-x86_64 1.0-3 49.00 NOTE
r-release-windows-x86_64 1.0-3 4.00 56.00 60.00 NOTE
r-oldrel-macos-arm64 1.0-3 27.00 NOTE
r-oldrel-macos-x86_64 1.0-3 42.00 NOTE
r-oldrel-windows-x86_64 1.0-3 5.00 63.00 68.00 NOTE

Additional issues

donttest

Check Details

Version: 1.0-3
Check: CRAN incoming feasibility
Result: NOTE Maintainer: ‘"Alexander Jueterbock" <Alexander-Jueterbock@web.de>’ No Authors@R field in DESCRIPTION. Please add one, modifying Authors@R: c(person(given = "Alexander", family = "Jueterbock", role = "aut"), person(given = "\"Alexander", family = "Jueterbock\"", role = "cre", email = "Alexander-Jueterbock@web.de")) as necessary. Package CITATION file contains call(s) to old-style personList() or as.personList(). Please use c() on person objects instead. Package CITATION file contains call(s) to old-style citEntry(). Please use bibentry() instead. Flavors: r-devel-linux-x86_64-debian-clang, r-devel-linux-x86_64-debian-gcc

Version: 1.0-3
Check: Rd files
Result: NOTE checkRd: (-1) MaxentVariableSelection-package.Rd:46: Lost braces; missing escapes or markup? 46 | \tab Tyberghein L, Verbruggen H, Pauly K, Troupin C, Mineur F and {De Clerck}, O (2012)\cr | ^ Flavors: r-devel-linux-x86_64-debian-clang, r-devel-linux-x86_64-debian-gcc, r-devel-linux-x86_64-fedora-clang, r-devel-linux-x86_64-fedora-gcc, r-devel-windows-x86_64, r-patched-linux-x86_64, r-release-linux-x86_64, r-release-macos-arm64, r-release-macos-x86_64, r-release-windows-x86_64, r-oldrel-macos-arm64, r-oldrel-macos-x86_64, r-oldrel-windows-x86_64

Version: 1.0-3
Check: LazyData
Result: NOTE 'LazyData' is specified without a 'data' directory Flavors: r-oldrel-macos-arm64, r-oldrel-macos-x86_64, r-oldrel-windows-x86_64