Last updated on 2024-06-09 13:57:26 CEST.
Flavor | Version | Tinstall | Tcheck | Ttotal | Status | Flags |
---|---|---|---|---|---|---|
r-devel-linux-x86_64-debian-clang | 8.4.0 | 5.85 | 41.12 | 46.97 | OK | |
r-devel-linux-x86_64-debian-gcc | 8.4.0 | OK | ||||
r-devel-linux-x86_64-fedora-clang | 8.4.0 | 61.45 | NOTE | |||
r-devel-linux-x86_64-fedora-gcc | 8.4.0 | 52.76 | OK | |||
r-devel-windows-x86_64 | 8.4.0 | 9.00 | 62.00 | 71.00 | OK | |
r-patched-linux-x86_64 | 8.4.0 | 4.60 | 37.34 | 41.94 | OK | |
r-release-linux-x86_64 | 8.4.0 | 3.84 | 38.01 | 41.85 | OK | |
r-release-macos-arm64 | 8.4.0 | 24.00 | OK | |||
r-release-macos-x86_64 | 8.4.0 | 38.00 | OK | |||
r-release-windows-x86_64 | 8.4.0 | 7.00 | 8.00 | 15.00 | FAIL | |
r-oldrel-macos-arm64 | 8.4.0 | 33.00 | OK | |||
r-oldrel-macos-x86_64 | 8.4.0 | 60.00 | OK | |||
r-oldrel-windows-x86_64 | 8.4.0 | 7.00 | 66.00 | 73.00 | OK |
Version: 8.4.0
Check: Rd cross-references
Result: NOTE
Undeclared packages ‘e1071’, ‘nloptr’ in Rd xrefs
Flavor: r-devel-linux-x86_64-fedora-clang
Version: 8.4.0
Check: package subdirectories
Result: FAIL
Flavor: r-release-windows-x86_64